 prime number?
True
Is 4272289 a prime number?
False
Is 48008411 a prime number?
False
Is 332970791 a prime number?
False
Is 1096787 a composite number?
False
Is 143138477 composite?
False
Is 62580283 prime?
False
Is 170723141 composite?
True
Is 118831883 a prime number?
False
Is 51831137 composite?
True
Is 25490642 a prime number?
False
Is 66308303 a composite number?
True
Is 9024271 composite?
False
Is 2322337 composite?
False
Is 7062101 prime?
True
Is 2509751 composite?
True
Is 2322611 a prime number?
False
Is 3775593 a prime number?
False
Is 1345753 composite?
True
Is 2199577 a prime number?
True
Is 1498379 a composite number?
False
Is 6701039 a composite number?
False
Is 8502409 prime?
True
Is 3632201 prime?
True
Is 4173907 a composite number?
False
Is 195660527 a prime number?
True
Is 484019 a composite number?
False
Is 12142421 a prime number?
False
Is 46945727 composite?
False
Is 2888843 a prime number?
True
Is 4592563 a prime number?
True
Is 2557767 composite?
True
Is 127585873 prime?
True
Is 4827643 prime?
False
Is 5309533 prime?
True
Is 1192327 prime?
True
Is 33609469 a prime number?
False
Is 4182469 a composite number?
True
Is 20233397 a composite number?
True
Is 2611507 prime?
True
Is 12989953 a composite number?
True
Is 1360682 a prime number?
False
Is 12804299 composite?
True
Is 5824103 a prime number?
False
Is 109177347 a prime number?
False
Is 2802257 composite?
False
Is 463111 prime?
False
Is 307891247 a prime number?
True
Is 619271 a composite number?
True
Is 1895977 composite?
True
Is 2550623 a prime number?
False
Is 242450321 a composite number?
False
Is 408343657 prime?
True
Is 819229 prime?
True
Is 6608633 a prime number?
True
Is 17675221 a composite number?
False
Is 3382039 a prime number?
True
Is 10804403 prime?
True
Is 13539719 a prime number?
True
Is 104045209 a composite number?
False
Is 9237419 a prime number?
True
Is 36318467 a prime number?
False
Is 57552847 a prime number?
False
Is 26998535 a prime number?
False
Is 43632941 a prime number?
False
Is 52828939 a prime number?
True
Is 1402501 composite?
False
Is 241049773 a composite number?
False
Is 192327857 a composite number?
False
Is 952171 composite?
True
Is 394038071 a composite number?
True
Is 2281231 composite?
False
Is 23157659 prime?
False
Is 19152509 a composite number?
False
Is 3745561 composite?
True
Is 929447 a composite number?
True
Is 628039 prime?
False
Is 7120249 composite?
True
Is 511327153 a composite number?
False
Is 568754 a prime number?
False
Is 28071689 a composite number?
False
Is 162224726 a prime number?
False
Is 25782877 composite?
False
Is 598784467 a prime number?
True
Is 741271 prime?
False
Is 429497 a prime number?
True
Is 4931617 composite?
True
Is 218191 a composite number?
False
Is 13329971 a prime number?
True
Is 16768111 prime?
True
Is 61425967 a composite number?
False
Is 143654585 composite?
True
Is 1928317 a composite number?
False
Is 82208963 prime?
True
Is 49361498 prime?
False
Is 481067 a composite number?
False
Is 72714527 a composite number?
False
Is 66287623 a prime number?
True
Is 82229191 composite?
True
Is 1738604333 a composite number?
False
Is 15362827 a composite number?
True
Is 8216881 a prime number?
False
Is 1950089 prime?
True
Is 1721113 prime?
False
Is 1870207 a composite number?
False
Is 235599421 a prime number?
True
Is 23163719 a prime number?
True
Is 48886891 prime?
False
Is 3624811 composite?
False
Is 6264457 a composite number?
True
Is 785217 composite?
True
Is 814741 prime?
True
Is 943627 composite?
True
Is 8885263 a prime number?
True
Is 16774249 composite?
False
Is 363659 a prime number?
True
Is 160402007 prime?
True
Is 2597591 prime?
True
Is 2415733 a composite number?
False
Is 71819857 prime?
False
Is 44789377 prime?
False
Is 272273 a composite number?
True
Is 9272773 composite?
False
Is 20624881 a composite number?
False
Is 1017943 prime?
False
Is 22086839 a composite number?
False
Is 40729609 prime?
True
Is 6222143 a prime number?
False
Is 4158563 composite?
True
Is 764581 a composite number?
True
Is 445537 a composite number?
False
Is 10189297 composite?
True
Is 26406613 composite?
True
Is 20297423 a composite number?
True
Is 14002597 composite?
True
Is 53000333 a prime number?
True
Is 3787169 prime?
False
Is 112859393 a prime number?
True
Is 6356531 a composite number?
False
Is 15779119 prime?
True
Is 31713323 composite?
True
Is 10061719 a composite number?
False
Is 1788601 a composite number?
False
Is 20259559 a prime number?
True
Is 19246369 a composite number?
False
Is 682861 composite?
True
Is 23072447 composite?
False
Is 224201467 a composite number?
True
Is 2275963 prime?
False
Is 3540203 a composite number?
False
Is 25756513 composite?
True
Is 10084477 a prime number?
False
Is 2548321 composite?
True
Is 329025817 prime?
True
Is 77805631 prime?
True
Is 7833539 composite?
True
Is 25635957 composite?
True
Is 58258231 a composite number?
False
Is 189590371 a composite number?
True
Is 26601037 composite?
True
Is 5982079 prime?
False
Is 171259 a composite number?
True
Is 94927379 a composite number?
False
Is 338787413 composite?
False
Is 1677329 a composite number?
False
Is 83908403 prime?
True
Is 342498841 prime?
False
Is 77947 a composite number?
True
Is 924941 composite?
True
Is 18460933 a prime number?
True
Is 189560669 composite?
True
Is 17704279 a composite number?
True
Is 126168213 prime?
False
Is 2246297 a prime number?
True
Is 25457837 a composite number?
True
Is 100049 composite?
False
Is 19568431 prime?
False
Is 93772831 a prime number?
False
Is 119671331 a composite number?
True
Is 936823 composite?
True
Is 30251671 a composite number?
False
Is 193891 a composite number?
False
Is 819737 a prime number?
True
Is 36693251 composite?
True
Is 14334737 prime?
True
Is 1853117 composite?
True
Is 5071999 a prime number?
False
Is 10147429 composite?
False
Is 2377001 a composite number?
True
Is 684287 prime?
True
Is 16478751 prime?
False
Is 426832066 a prime number?
False
Is 2339893 prime?
True
Is 296797 composite?
False
Is 101088047 composite?
False
Is 7887227 a prime number?
False
Is 73005781 a composite number?
False
Is 69728807 a prime number?
False
Is 23399461 composite?
True
Is 49261 a prime number?
True
Is 5951729 prime?
False
Is 48807281 a prime number?
True
Is 5226719 composite?
True
Is 2384713 a composite number?
False
Is 92273 a composite number?
True
Is 2170189 prime?
False
Is 276638741 a prime number?
True
Is 12979051 composite?
False
Is 407139947 a prime number?
False
Is 3619099 composite?
True
Is 1886256523 a composite number?
False
Is 609666277 composite?
True
Is 5451833 composite?
False
Is 5837773 a composite number?
False
Is 2344099 composite?
True
Is 263383 prime?
True
Is 946504877 composite?
True
Is 7148179 a prime number?
False
Is 15474491 a prime number?
True
Is 6315035 composite?
True
Is 204934721 a composite number?
True
Is 21680305 composite?
True
Is 29983337 a composite number?
False
Is 33157567 a prime number?
True
Is 223699 a composite number?
True
Is 18287681 prime?
False
Is 7229407 a prime number?
False
Is 16778495 composite?
True
Is 78395 a composite number?
True
Is 6704951 a prime number?
False
Is 2066219 prime?
True
Is 13729783 a composite number?
False
Is 391471 a prime number?
False
Is 69339911 composite?
True
Is 4000609 a prime number?
False
Is 141759481 composite?
True
Is 258187049 a prime number?
False
Is 1194727 a prime number?
True
Is 18472529 a prime number?
True
Is 275371 a prime number?
True
Is 12623933 a prime number?
False
Is 1587695 prime?
False
Is 278447621 a composite number?
False
Is 134699 composite?
False
Is 19832893 a composite number?
True
Is 2243177 prime?
True
Is 253590019 composite?
True
Is 36782843 a prime number?
False
Is 76074151 a prime number?
False
Is 28558441 prime?
True
Is 7448269 prime?
True
Is 1435447 a prime number?
False
Is 2070089 a composite number?
True
Is 4848997 a composite number?
False
Is 103649759 a composite number?
True
Is 196787 composite?
True
Is 22714529 prime?
False
Is 13637987 composite?
True
Is 233811401 a prime number?
True
Is 352924561 a composite number?
True
Is 11990497 prime?
False
Is 385909739 prime?
False
Is 780223 a prime number?
True
Is 2596081 a composite number?
True
Is 267159047 prime?
True
I